. What is the tens digit of w?
5
Let p be (128/(-48))/(2/(-3)). Suppose 0 = o + p*o - 415. What is the tens digit of o?
8
Suppose -2018 = -10*u + 1552. What is the units digit of u/28*(-4)/(-1)?
1
Let z be (-4)/(3/4 + (-1)/(-4)). What is the hundreds digit of ((-24)/(-27))/z + 2470/18?
1
Let l = 27 - 31. What is the units digit of l/30 + 2828/60?
7
Suppose -851 = -2*r - 3*h, -4*r + r + 1302 = -4*h. Suppose -6*c + r = -c. What is the units digit of c?
6
Let m be (-4)/2*(-3)/(-2). Let n(x) = x**2 + x - 1. Let w(h) = 2*h**2 - 6*h - 4. Let p(f) = m*n(f) + w(f). What is the units digit of p(-8)?
7
Let d(x) = -x**2 - 8*x - 4. Let s be d(-7). Suppose s*u - 3 = 33. Let p(l) = l**2 - 13*l + 15. What is the units digit of p(u)?
3
Let i be 40/(-15)*(-15)/4. Suppose -3*h - 3*t = 49 + 41, -h = 5*t + i. What is the tens digit of 6*(-1)/10*h?
2
Let f = -25 + 24. What is the units digit of f/4*6 + (-173)/(-2)?
5
Suppose -2*v - v = 3*z - 132, -z = -v - 52. Suppose -5*n + 28 = 8, -3*n = 3*f - z. What is the units digit of f?
2
Let l(b) = 13*b**2 - 3*b. Let i = 15 + -20. Let r be l(i). What is the units digit of (-18)/4*r/(-30)?
1
Let u(i) = -2*i - 1. Let b be u(-7). Let n(l) = l - 3. Let s be n(-5). Let w = s + b. What is the units digit of w?
5
Let d = 14 - 25. Let c(r) = r**3 + 11*r**2 + 13. Let k be c(d). Suppose -k = -q - 5. What is the units digit of q?
8
What is the tens digit of (3/(-6))/(27864/13936 + -2)?
7
Let p be (1 - (1 - -1))*-5. Suppose -u + 4*m - 3 = 2*m, -2*u = -p*m + 10. Suppose -u*g = x - 25, -4*x - g - 2*g = -66. What is the tens digit of x?
1
Let t = -19 - -33. Suppose 2 = -2*p + t. What is the units digit of p?
6
Let r = -24 - -40. What is the tens digit of (-2)/(-5)*2440/r?
6
Let n = -5067 - -7827. What is the thousands digit of n?
2
Suppose 2*p = -3*t + 1050 + 5727, 2*p - 6795 = 3*t. Suppose -6*n - 7*n = -p. What is the tens digit of n?
6
Let t(m) = -m**3 - 2*m**2 + 4*m + 5. Let l be t(-4). Let b be (-5 - -6)*(39 - 2). Let w = b + l. What is the tens digit of w?
5
What is the hundreds digit of -4 + 2 + 471 + (-8 - -8)?
4
Suppose 0 = 3*c - 6, -4*c - 13 - 55 = -g. Let m = 147 - g. What is the units digit of m?
1
Let j(h) = h**2 + h - 10. Let t be j(-9). Suppose 4*a - t - 98 = 0. What is the units digit of a?
0
Suppose -g = -5*v + 6, -2*v - g = -3*g + 4. Let r(l) = 13*l - 2. Let d be r(v). Suppose d - 126 = -3*m. What is the units digit of m?
4
Let s(f) = -f**3 - 11*f**2 - 2*f - 13. Let z be s(-11). Let m = z + -5. Suppose -3*d = -m*d + 9. What is the units digit of d?
9
Suppose 2*q - 2541 - 3 = -2*i, 4*q = i - 1282. What is the thousands digit of i?
1
Let p = 13 + -7. Let l(h) = 3*h**3 + 4*h**2 - 11*h - 2. Let t(k) = -4*k**3 - 3*k**2 + 12*k + 2. Let u(n) = 5*l(n) + 4*t(n). What is the units digit of u(p)?
8
Let r = 26 - 22. Let i = 5 + r. What is the units digit of i?
9
Let m(z) = -12*z + 22. Let d(q) = 13*q - 21. Let n(s) = 6*d(s) + 5*m(s). What is the units digit of n(7)?
0
Let n(g) = 2*g**3 - 8*g**2 - 7. Let f be n(6). Let o = f + 10. What is the hundreds digit of o?
1
Let j = -21 - -25. What is the units digit of 60/(11/2 - j)?
0
Suppose -4*j - 155 + 1875 = 0. What is the tens digit of j?
3
Let k = 20 + -17. Suppose -q = k*q + 20. What is the tens digit of (-148)/(-10)*q/(-2)?
3
Let z be (1 + -7)/((-27)/72). Suppose z = -4*f, 3*q - f = -0*f + 157. Suppose 3*j + q - 201 = 0. What is the units digit of j?
0
Suppose h + 5*d = 1643, -3*d = 2*h - 8*d - 3361. What is the hundreds digit of h?
6
Let g = 627 - 424. Let y = g - 37. Let u = y - 91. What is the tens digit of u?
7
Suppose 0 = -23*b + 15423 - 266. What is the units digit of b?
9
Suppose 304*i - 302*i = 2658. What is the tens digit of i?
2
Let b = 2207 - 442. What is the thousands digit of b?
1
Let c be (-50)/((3 - 3) + -1). Let l(q) = 2*q**2 + 7*q - 4. Let y be l(-6). Let i = c - y. What is the units digit of i?
4
What is the tens digit of (-2427 - 0)/(195/(-130))?
1
Let u = -40 - -44. Let j be u + 2 + -3 + -3. Suppose 5*k + 4*m - 29 = j, 4*m = -k - 1 - 6. What is the units digit of k?
9
Let l(y) = -2*y**2 - y**3 + 11 - 11 - y. Let p be l(-2). What is the units digit of -1*p/(-4)*2?
1
Let d(o) = o**2 - 7*o + 7. Let i be d(4). What is the units digit of ((-5)/(i + 0))/1?
1
Let z = 8 + -5. Suppose -j + 164 = z*j. What is the units digit of j?
1
Let u(t) = -t**2 - 17*t + 2. Let r be u(-17). Suppose 2*i - 10 = -r. Suppose -i = -5*n + 6. What is the units digit of n?
2
Suppose -3*r = -13*r + 30. Let g(z) = -z**2 - 5*z + 1. Let f be g(-5). Suppose -a = f, 5*k + r*a = -1 + 53. What is the tens digit of k?
1
Let a(l) = -l**2 - 4*l. Let m be a(-4). Let h be 0 - (-1 + 2 + m). What is the tens digit of 11 + 0 + (-1)/h?
1
What is the thousands digit of 22*(-3 - -2 - -194)?
4
Suppose -3963 + 10431 = 84*w. What is the units digit of w?
7
Let y(s) = -s**3 - 2*s**2 + 2*s - 1. Let z be y(-3). Let c(d) = 2 + 0*d**2 - z + d**2 + 4*d - 3. What is the units digit of c(-7)?
8
Suppose 35*i - 37*i + 858 = 0. What is the units digit of i?
9
Let f = 189 - -302. What is the tens digit of f?
9
Let j(b) = -b - 20. Let l be j(-15). What is the units digit of -226*l/15 - 1/3?
5
Suppose -2*w - 15 = -1. Let s be w/49 - 108/(-21). Suppose -20 = -2*b + 2*c - 6*c, -82 = -s*b - 2*c. What is the units digit of b?
8
Suppose 0 = -0*y - 2*y - 2*q, 2*q = -10. Let x = 9 - y. Suppose 5*d + 2*u + 3*u - 25 = 0, 11 = -5*d + x*u. What is the units digit of d?
1
Suppose -3*m + 826 = -6239. What is the tens digit of 1/(11/2) - m/(-55)?
4
Let g = 36 + -36. Suppose -7*o = -g*o - 1043. What is the units digit of o?
9
Suppose 0*l - 14352 = -24*l. What is the units digit of l?
8
Suppose -m = -3*v - 912, 4*m - 3*v = 3609 - 6. What is the tens digit of m?
9
Suppose -1 = 5*t - y, y + 4 = 3*t + 3. Let r be -58 - 4*t/(-4). Let z = r + 89. What is the tens digit of z?
3
Let c(j) = j**3 - 80*j**2 + 115*j + 236. What is the hundreds digit of c(79)?
0
Suppose 4*j = -4, -5*j = -r + 69 - 18. Let g = 67 - 64. Suppose g*n - 86 = r. What is the tens digit of n?
4
Suppose -14*s + 2525 + 11433 = 0. What is the hundreds digit of s?
9
Let s(i) = -i + 16. Let j(l) = -l**2 + l + 4. Let x be j(-3). What is the units digit of s(x)?
4
Let o(a) = a**2 - 25*a + 253. What is the units digit of o(31)?
9
Let s = 5 - 5. Let p(t) = 4 - 11*t - 4 + 10*t - 2*t**2 + 3. What is the units digit of p(s)?
3
Let s(a) = -2990*a**3 + 2*a**2 - 2. What is the tens digit of s(-1)?
9
Let g be 46/12 + 15/90 + -4. What is the units digit of (1 - g)/(-1) + 5*17?
4
Let f = -2 - -14. Suppose 8*l - f*l = -184. Suppose 3*k - l = -2*k + g, -2*k - 3*g = -32. What is the units digit of k?
0
Let y = -742 - -1388. What is the units digit of y?
6
Suppose 21*z = 38*z + 408. Let h(o) = -3*o**2 - 4*o + 3. Let r be h(-5). Let k = z - r. What is the units digit of k?
8
Let r = -48 - -81. Suppose 3*u + r = -q - 0*q, 0 = q - 3*u + 33. Let d = 66 + q. What is the tens digit of d?
3
Let f(s) = s**3 - 6*s**2 + 8*s - 6. Let k be f(6). Suppose 5*d - 217 + k = 0. What is the tens digit of d?
3
Let n(o) = 146*o**2 - 152*o + 1. What is the hundreds digit of n(6)?
3
Let c = 1424 + -827. What is the units digit of c?
7
Suppose 0*c - c + 293 = -3*h, -3*c + 915 = 3*h. What is the tens digit of c?
0
What is the units digit of (2 + -8)/(-3*8/132)?
3
Let q(l) = -148*l - 39. Let w be q(3). Let g = -235 - w. What is the hundreds digit of g?
2
Let c = -347 - -411. What is the tens digit of c?
6
What is the hundreds digit of 4/10 - (9 - 118469/65)?
8
Suppose -8 = 4*r, -3*b + 4*r = 3*r - 5. What is the units digit of b + -2 - 6/(-3)?
1
Let o(u) = u**2 + 19*u - 17. Let b be o(-16). Let z = -33 - b. What is the units digit of z?
2
Suppose -2*o = 16*o - 14076. What is the tens digit of o?
8
Let m = -9 - 14. Let p(u) = -2*u + 21. What is the tens digit of p(m)?
6
Suppose 2047 = 25*d - 2128. What is the hundreds digit of d?
1
Suppose -123 + 499 = 4*j. What is the tens digit of j?
9
What is the units digit of ((-1)/(-3))/((-5)/(-5595))?
3
Suppose 0 = -14*o + 15*o - 8. Let r(j) = -j**3 + 12*j**2 - 7*j + 44. What is the units digit of r(o)?
4
Let i(v) = 4*v**2 - 3 + 8 - 6*v + 0 + 3*v**2. What is the tens digit of i(3)?
5
Suppose -2*u = -8*u + 78. Suppose u*r = 15*r - 32. Suppose 5*w = -p + 16, 2*w = p + 6*w - r. What is th